se 16) to base 12.
1
What is 2 (base 10) in base 14?
2
1303 (base 4) to base 11
a5
What is -123 (base 5) in base 6?
-102
What is 250 (base 9) in base 2?
11001111
What is 216 (base 7) in base 4?
1233
Convert -11101 (base 3) to base 8.
-166
Convert 2 (base 4) to base 12.
2
-8 (base 16) to base 2
-1000
100 (base 4) to base 9
17
What is 1 (base 15) in base 13?
1
Convert 3 (base 11) to base 10.
3
Convert 3 (base 7) to base 4.
3
What is -6 (base 16) in base 14?
-6
What is -112 (base 3) in base 8?
-16
What is 0 (base 15) in base 5?
0
What is -6 (base 10) in base 8?
-6
What is -3123 (base 4) in base 11?
-18a
What is 3 (base 4) in base 9?
3
Convert 5 (base 13) to base 15.
5
Convert -11 (base 6) to base 15.
-7
What is -4a (base 14) in base 2?
-1000010
What is -112 (base 3) in base 16?
-e
Convert -3a (base 16) to base 12.
-4a
What is -21 (base 4) in base 12?
-9
What is 4 (base 9) in base 10?
4
-1 (base 4) to base 3
-1
What is 123 (base 12) in base 14?
c3
4 (base 11) to base 2
100
What is 122 (base 8) in base 11?
75
Convert 0 (base 14) to base 11.
0
-10 (base 12) to base 13
-c
What is 1 (base 11) in base 8?
1
e (base 16) to base 9
15
What is -21 (base 3) in base 5?
-12
9 (base 13) to base 5
14
Convert 0 (base 7) to base 13.
0
What is -2 (base 11) in base 9?
-2
3 (base 8) to base 10
3
What is -51 (base 16) in base 10?
-81
Convert 1 (base 13) to base 7.
1
3 (base 9) to base 6
3
What is -17 (base 12) in base 8?
-23
Convert -2 (base 10) to base 4.
-2
Convert -222 (base 13) to base 10.
-366
What is -2 (base 9) in base 4?
-2
111 (base 3) to base 8
15
-2 (base 10) to base 11
-2
-3 (base 13) to base 3
-10
-23 (base 16) to base 9
-38
What is -20 (base 3) in base 13?
-6
12 (base 11) to base 15
d
Convert -15 (base 6) to base 10.
-11
What is -250 (base 7) in base 15?
-8d
Convert 0 (base 4) to base 2.
0
What is e (base 16) in base 8?
16
What is -37 (base 15) in base 5?
-202
Convert -4 (base 9) to base 10.
-4
What is -3 (base 11) in base 16?
-3
What is -19 (base 11) in base 12?
-18
What is 13 (base 11) in base 4?
32
What is -38 (base 11) in base 3?
-1112
-2 (base 15) to base 10
-2
Convert -14 (base 15) to base 16.
-13
Convert 31 (base 14) to base 4.
223
Convert -1 (base 4) to base 7.
-1
What is -b8 (base 13) in base 15?
-a1
-23 (base 15) to base 9
-36
Convert 0 (base 16) to base 13.
0
1322 (base 5) to base 4
3110
What is 4 (base 5) in base 9?
4
Convert -221 (base 4) to base 3.
-1112
Convert -3 (base 4) to base 2.
-11
-188 (base 11) to base 7
-430
2a (base 13) to base 7
51
What is -25 (base 9) in base 13?
-1a
Convert 12 (base 10) to base 11.
11
Convert -124 (base 10) to base 3.
-11121
2 (base 16) to base 3
2
3 (base 11) to base 8
3
Convert -1 (base 8) to base 4.
-1
Convert 157 (base 9) to base 3.
11221
Convert -12 (base 11) to base 2.
-1101
Convert -18 (base 13) to base 4.
-111
Convert 24 (base 12) to base 11.
26
What is 44 (base 7) in base 5?
112
Convert -4d (base 14) to base 16.
-45
17 (base 12) to base 4
103
Convert -16 (base 8) to base 16.
-e
What is 2 (base 9) in base 15?
2
What is 3 (base 15) in base 9?
3
Convert 10 (base 3) to base 10.
3
Convert 10 (base 4) to base 16.
4
What is -101100 (base 2) in base 12?
-38
What is d0 (base 15) in base 2?
11000011
18 (base 15) to base 16
17
Convert -142 (base 7) to base 5.
-304
Convert 211 (base 3) to base 6.
34
What is 184 (base 9) in base 16?
9d
6a (base 13) to base 9
107
Convert 2 (base 6) to base 13.
2
-3 (base 13) to base 16
-3
What is 544 (base 6) in base 16?
d0
3 (base 7) to base 2
11
-a (base 15) to base 11
-a
-2 (base 5) to base 13
-2
Convert -6 (base 14) to base 10.
-6
What is 14 (base 13) in base 11?
16
Convert -2 (base 6) to base 8.
-2
Convert -2 (base 14) to base 6.
-2
What is -22 (base 3) in base 5?
-13
12 (base 10) to base 2
1100
Convert 10 (base 2) to base 4.
2
What is -26 (base 7) in base 5?
-40
What is -14 (base 6) in base 16?
-a
What is 5 (base 12) in base 14?
5
-202 (base 4) to base 16
-22
30 (base 5) to base 13
12
Convert -62 (base 9) to base 4.
-320
-13 (base 7) to base 5
-20
-161 (base 8) to base 4
-1301
Convert 6 (base 8) to base 13.
6
Convert 13 (base 4) to base 7.
10
-22 (base 12) to base 2
-11010
Convert -101 (base 3) to base 16.
-a
What is 2 (base 9) in base 2?
10
What is 1 (base 6) in base 9?
1
-7 (base 9) to base 6
-11
Convert 42 (base 10) to base 5.
132
-122 (base 9) to base 6
-245
What is -1001 (base 2) in base 3?
-100
414 (base 6) to base 4
2122
-33 (base 9) to base 7
-42
Convert -5 (base 13) to base 9.
-5
Convert -139 (base 10) to base 15.
-94
2 (base 6) to base 14
2
54 (base 16) to base 12
70
What is -3d (base 16) in base 8?
-75
Convert -31 (base 10) to base 16.
-1f
What is 7 (base 8) in base 3?
21
Convert 4 (base 9) to base 11.
4
Convert -1001 (base 2) to base 9.
-10
1112 (base 3) to base 13
32
Convert -9 (base 14) to base 6.
-13
Convert 8 (base 9) to base 3.
22
What is -3 (base 13) in base 3?
-10
What is 17 (base 15) in base 10?
22
-1 (base 7) to base 4
-1
What is -1 (base 9) in base 12?
-1
Convert -5 (base 7) to base 2.
-101
Convert 10 (base 5) to base 15.
5
-5b (base 15) to base 12
-72
-40 (base 12) to base 4
-300
Convert -34 (base 15) to base 6.
-121
-26 (base 8) to base 4
-112
Convert 26 (base 8) to base 12.
1a
What is -14 (base 15) in base 9?
-21
What is 4 (base 15) in base 10?
4
What is -7a (base 16) in base 8?
-172
0 (base 14) to base 15
0
What is -1 (base 14) in base 12?
-1
-22 (base 14) to base 8
-36
-43 (base 9) to base 12
-33
Convert 0 (base 5) to base 7.
0
What is 25 (base 10) in base 15?
1a
What is -10 (base 4) in base 6?
-4
Convert 44 (base 13) to base 12.
48
14 (base 8) to base 14
c
What is -9 (base 16) in base 8?
-11
-2 (base 13) to base 15
-2
What is -4 (base 5) in base 16?
-4
-2 (base 11) to base 4
-2
22 (base 10) to base 15
17
10c (base 16) to base 9
327
What is -33 (base 12) in base 6?
-103
What is 27 (base 10) in base 11?
25
4 (base 13) to base 15
4
What is -22 (base 10) in base 8?
-26
Convert -112 (base 6) to base 4.
-230
29 (base 10) to base 11
27
1100 (base 2) to base 12
10
Convert 33 (base 14) to base 6.
113
What is 1c (base 13) in base 11?
23
Convert 44 (base 6) to base 10.
28
Convert -35 (base 12) to base 5.
-131
a8 (base 14) to base 12
104
What is 12 (base 11) in base 13?
10
Convert -1 (base 13) to base 7.
-1
-5 (base 11) to base 5
-10
What is -21 (base 9) in base 12?
-17
Convert 11 (base 2) to base 14.
3
What is -a (base 11) in base 7?
-13
Convert 43 (base 14) to base 8.
73
Convert 0 (base 8) to base 4.
0
Convert -79 (base 13) to base 9.
-121
-188 (base 14) to base 10
-316
What is -131 (base 5) in base 16?
-29
-1 (base 3) to base 2
-1
What is 61 (base 15) in base 5?
331
Convert 3 (base 14) to base 5.
3
Convert -367 (base 8) to base 13.
-160
-10 (base 2) to base 16
-2
What is 207 (base 11) in base 10?
249
What is 100 (base 6) in base 10?
36
-2 (base 15) to base 10
-2
What is -60 (base 9) in base 7?
-105
-101 (base 2) to base 15
-5
What is -111 (base 2) in base 8?
-7
What is -1 (base 7) in base 6?
-1
42 (base 8) to base 11
31
Convert 11 (base 4) to base 14.
5
What is 0 (base 16) in base 2?
0
-41 (base 5) to base 12
-19
What is 7 (base 10) in base 12?
7
b8 (base 12) to base 13
aa
-2 (base 8) to base 13
-2
-88 (base 16) to base 12
-b4
Convert 71 (base 9) to base 8.
100
What is 1101 (base 2) in base 5?
23
Convert -2 (base 14) to base 6.
-2
What is -121 (base 3) in base 7?
-22
What is 11 (base 13) in base 3?
112
46 (base 7) to base 12
2a
Convert -121 (base 3) to base 12.
-14
-4 (base 11) to base 14
-4
Convert 1010100 (base 2) to base 11.
77
What is 0 (base 3) in base 8?
0
2121 (base 3) to base 12
5a
What is -1212 (base 5) in base 6?
-502
Convert 12c (base 16) to base 3.
102010
What is -4 (base 11) in base 8?
-4
12 (base 11) to base 14
d
30 (base 8) to base 5
44
-10111 (base 2) to base 8
-27
What is -102 (base 5) in base 13?
-21
What is -100 (base 9) in base 13?
-63
What is 11110 (base 2) in base 5?
110
What is 1a (base 15) in base 9?
27
Convert 2 (base 10) to base 8.
2
-2 (base 9) to base 7
-2
2 (base 7) to base 12
2
What is -2 (base 3) in base 16?
-2
-7 (base 16) to base 8
-7
Convert 1 (base 9) to base 12.
1
What is -4 (base 8) in base 14?
-4
14 (base 8) to base 4
30
-2 (base 12) to base 13
-2
Convert 4 (base 8) to base 11.
4
What is -4 (base 12) in base 5?
-4
